{"id":99,"date":"2020-04-22T16:16:56","date_gmt":"2020-04-22T16:16:56","guid":{"rendered":"https:\/\/www.seepfarreien.ch.proculus.sui-inter.net\/?page_id=99"},"modified":"2020-04-22T16:16:56","modified_gmt":"2020-04-22T16:16:56","slug":"kirchgemeinde-vitznau","status":"publish","type":"page","link":"https:\/\/lottenbach-mediationen.ch\/index.php\/kirchgemeinde-vitznau\/","title":{"rendered":"Kirchgemeinde Vitznau"},"content":{"rendered":"\n<p>Die Kirchgemeinden erm\u00f6glichen die Seelsorge in den Luzerner Pfarreien. In Zusammenarbeit mit der Landeskirche und den pastoral Verantwortlichen setzen sie sich f\u00fcr eine lebendige Kirche ein.<\/p>\n\n\n\n<p>In der Verfassung der Landeskirche heisst es: \u00abLandeskirche und Kirchgemeinden besorgen die der kirchlichen T\u00e4tigkeit dienende \u00f6ffentliche Verwaltung.\u00bb Und im Kirchgemeindegesetz: \u00abDie Kirchgemeinden sorgen in ihrem Gemeindegebiet f\u00fcr die religi\u00f6se Betreuung der Katholikinnen und Katholiken.\u00bb<\/p>\n\n\n\n<p>Die Kirchgemeinden regeln zum Beispiel das Dienstverh\u00e4ltnis mit dem Pfarrer oder der Gemeindeleitung und sind zust\u00e4ndig f\u00fcr die Anstellungen kirchlicher Mitarbeiterinnen und Mitarbeiter. Sie schaffen die Rahmenbedingungen f\u00fcr den Religionsunterricht, die kirchliche Jugendarbeit und Erwachsenenbildung sowie die Diakonie, und sie unterhalten die Geb\u00e4ude, die es f\u00fcr das Pfarreileben braucht \u2013 von der Kirche bis zum Pfarreizentrum. Anstellungen eines Pfarrers oder einer Gemeindeleitung nehmen die Kirchgemeinden in Absprache mit den kirchlichen Verantwortlichen vor, also dem Bistum.<\/p>\n\n\n\n<h3 class=\"wp-block-heading\">Mitgestalten, mitentscheiden<\/h3>\n\n\n\n<p>Um diese Aufgaben erf\u00fcllen zu k\u00f6nnen, ziehen die Kirchgemeinden Steuern ein, sie verwalten ihr Verm\u00f6gen und f\u00fchren eine Verwaltung. Die Kirchenmitglieder k\u00f6nnen das kirchliche Leben mitgestalten. Einerseits, indem sie ein- oder zweimal j\u00e4hrlich an der Kirchgemeindeversammlung teilnehmen und hier \u00fcber Wahl- und Sachgesch\u00e4fte entscheiden, anderseits, indem sie sich freiwillig oder ehrenamtlich in der Pfarrei einsetzen.<\/p>\n\n\n\n<p>Die Kirchgemeinden werden von teilweise ehrenamtlich t\u00e4tigen Kirchenr\u00e4tinnen und -r\u00e4ten gef\u00fchrt, die das Volk alle vier Jahre w\u00e4hlt.<\/p>\n\n\n\n<h3 class=\"wp-block-heading\">Das duale System der katholische Kirche Schweiz<\/h3>\n\n\n\n<figure class=\"wp-block-embed is-type-video is-provider-youtube wp-block-embed-youtube wp-embed-aspect-16-9 wp-has-aspect-ratio\"><div class=\"wp-block-embed__wrapper\">\n<iframe loading=\"lazy\" title=\"dual stark \u2013 Das duale System der katholischen Kirche Schweiz\" width=\"500\" height=\"281\" src=\"https:\/\/www.youtube.com\/embed\/N1vEj2HCgHk?feature=oembed\" frameborder=\"0\" allow=\"accelerometer; autoplay; clipboard-write; encrypted-media; gyroscope; picture-in-picture; web-share\" referrerpolicy=\"strict-origin-when-cross-origin\" allowfullscreen><\/iframe>\n<\/div><\/figure>\n\n\n\n<h2 class=\"wp-block-heading\">Aktuelles<\/h2>\n\n\n\n<p>Die jeweilige Einladung zur Kirchgemeinde-Versammlung, welche in der Regel gegen Ende November stattfindet, ist unter&nbsp;<a href=\"https:\/\/lottenbach-mediationen.ch\/veranstaltungen\/\">Veranstaltungen<\/a>&nbsp;zu finden und wird im Pfarreiblatt publiziert. Die Jahresrechnung wird in s\u00e4mtliche Haushaltungen versandt. Die vollst\u00e4ndigen Unterlagen (Bestandesrechnung, Laufende Rechnung sowie der Bericht der Rechnungskommission) liegen w\u00e4hrend der gesetzlichen Frist bei der Gemeindekanzlei Vitznau zur Einsichtnahme auf und sind unter <a href=\"https:\/\/lottenbach-mediationen.ch\/geschaeftsberichte\/\">Gesch\u00e4ftsberichte<\/a> abrufbar.<\/p>\n\n\n\n<h2 class=\"wp-block-heading\">Kirchenrat<\/h2>\n\n\n\n<p>Der Kirchenrat ist die Exekutive der&nbsp;katholischen Kirchgemeinde Vitznau.&nbsp; Die Aufgabe dieses Gremiums besteht darin, die Steuereinnahmen so zu verwalten, dass die Seelsorge in der Pfarrei auf lange Sicht gew\u00e4hrleistet ist, und die pastoralen Bed\u00fcrfnisse abgedeckt werden k\u00f6nnen.<\/p>\n\n\n\n<figure class=\"wp-block-image size-large\"><img loading=\"lazy\" decoding=\"async\" width=\"400\" height=\"280\" src=\"https:\/\/lottenbach-mediationen.ch\/wp-content\/uploads\/2024\/04\/kirchenrat_vitznau.jpg\" alt=\"\" class=\"wp-image-9380\" srcset=\"https:\/\/lottenbach-mediationen.ch\/wp-content\/uploads\/2024\/04\/kirchenrat_vitznau.jpg 400w, https:\/\/lottenbach-mediationen.ch\/wp-content\/uploads\/2024\/04\/kirchenrat_vitznau-300x210.jpg 300w\" sizes=\"auto, (max-width: 400px) 100vw, 400px\" \/><figcaption>Kirchenrat Vitznau<br>Silvia K\u00fcttel, Brigitt Zimmermann, Michael Brauchart, Daniel Glanzmann, Caroline K\u00fcttel, Markus Erb<\/figcaption><\/figure>\n\n\n\n<p>In Vitznau besteht der Kirchenrat aus f\u00fcnf Mitgliedern. Vier davon werden vom Volk gew\u00e4hlt. Der Pfarrer oder Gemeindeleiter ist von Amtes wegen Mitglied des Kirchenrates. Die Wahl des Kirchenrates erfolgt alle vier Jahre an der Urne, wobei das stille Wahlverfahren m\u00f6glich ist.<\/p>\n\n\n\n<p>Der Kirchenrat trifft sich monatlich zu einer Sitzung. Der\/die Kirchenratsschreiber\/Kirchenratsschreiberin nimmt mit beratender Funktion, ohne Stimmrecht, an den Sitzungen teil.<\/p>\n\n\n\n<p>Aktuell setzt sich der Kirchenrat Vitznau aus folgenden Mitgliedern zusammen (Amtszeit 2022 &#8211; 2026):<\/p>\n\n\n\n<h3 class=\"wp-block-heading\">Pr\u00e4sident (seit 2022)<\/h3>\n\n\n\n<p>Daniel Glanzmann, G\u00fctschstrasse 2, 6354 Vitznau<br>T: 079 745 77 00, E: <a href=\"mailto:glanzmann.daniel@gmx.ch\">glanzmann.daniel@gmx.ch<\/a><\/p>\n\n\n\n<h3 class=\"wp-block-heading\">Vizepr\u00e4sidentin \/ Delegierte Personalkommission (seit 2024)<\/h3>\n\n\n\n<p>Silvia K\u00fcttel, Oberdorfstrasse 27, 6354 Vitznau<br>T: 041 397 19 63, E: <a href=\"mailto:silvia66kuettel@gmail.com\">silvia66kuettel@gmail.com<\/a><\/p>\n\n\n\n<h3 class=\"wp-block-heading\">Kirchmeierin \/ Delegierte JuSee (seit 2014)<\/h3>\n\n\n\n<p>Caroline K\u00fcttel-Koster, Gebetschwil 1, 6354 Vitznau<br>T: 041 397 13 33, E: <a href=\"mailto:kuettelkoster@bluewin.ch\">kuettelkoster@bluewin.ch<\/a><\/p>\n\n\n\n<h3 class=\"wp-block-heading\">Pastoralraumleiter (seit 2017)<\/h3>\n\n\n\n<p>Michael Brauchart, Rigiblickstrasse 3, 6353 Weggis<br>T: 041 392 00 91, E: <a href=\"mailto:michael.brauchart@seepfarreien.ch\" target=\"_blank\" rel=\"noreferrer noopener\">michael.brauchart@seepfarreien.ch<\/a><\/p>\n\n\n\n<h3 class=\"wp-block-heading\">Kirchenr\u00e4tin (seit 2019)<\/h3>\n\n\n\n<p>Brigitt Zimmermann-Gwerder, Oberschwanden 1, 6354 Vitznau<br>T: 041 397 10 52, E: <a href=\"mailto:brigittzimmermann@bluewin.ch\" target=\"_blank\" rel=\"noreferrer noopener\">brigittzimmermann@bluewin.ch<\/a><\/p>\n\n\n\n<h3 class=\"wp-block-heading\">Schreiber (ohne Stimmrecht; seit 2017)<\/h3>\n\n\n\n<p>Markus Erb, Meienrisliweg 10, 6354 Vitznau<br>T: 041 397 26 53, E: <a href=\"mailto:markus.erb@bluemail.ch\" target=\"_blank\" rel=\"noreferrer noopener\">markus.erb@bluemail.ch<\/a><\/p>\n\n\n\n<h3 class=\"wp-block-heading\">Pr\u00e4sidium Gesamtkirchenrat<br>Greppen \u2013 Weggis \u2013 Vitznau (ab 24.08.2022)<\/h3>\n\n\n\n<p>Barbara Zurm\u00fchle-Reinecke, Gotthardstrasse 61, 6353 Weggis<br>T: 079 473 34 25, E:&nbsp;<a href=\"mailto:%20barbara.zurmuehle@seepfarreien.ch\">barbara.zurmuehle@seepfarreien.ch<\/a><\/p>\n","protected":false},"excerpt":{"rendered":"<p>Die Kirchgemeinden erm\u00f6glichen die Seelsorge in den Luzerner Pfarreien. In Zusammenarbeit mit der Landeskirche und den pastoral Verantwortlichen setzen sie sich f\u00fcr eine lebendige Kirche ein. In der Verfassung der Landeskirche heisst es: \u00abLandeskirche und Kirchgemeinden besorgen die der kirchlichen T\u00e4tigkeit dienende \u00f6ffentliche Verwaltung.\u00bb Und im Kirchgemeindegesetz: \u00abDie Kirchgemeinden sorgen in ihrem Gemeindegebiet f\u00fcr die [&hellip;]<\/p>\n","protected":false},"author":1,"featured_media":0,"parent":0,"menu_order":33,"comment_status":"closed","ping_status":"closed","template":"","meta":{"footnotes":""},"class_list":["post-99","page","type-page","status-publish","hentry"],"_links":{"self":[{"href":"https:\/\/lottenbach-mediationen.ch\/index.php\/wp-json\/wp\/v2\/pages\/99","targetHints":{"allow":["GET"]}}],"collection":[{"href":"https:\/\/lottenbach-mediationen.ch\/index.php\/wp-json\/wp\/v2\/pages"}],"about":[{"href":"https:\/\/lottenbach-mediationen.ch\/index.php\/wp-json\/wp\/v2\/types\/page"}],"author":[{"embeddable":true,"href":"https:\/\/lottenbach-mediationen.ch\/index.php\/wp-json\/wp\/v2\/users\/1"}],"replies":[{"embeddable":true,"href":"https:\/\/lottenbach-mediationen.ch\/index.php\/wp-json\/wp\/v2\/comments?post=99"}],"version-history":[{"count":0,"href":"https:\/\/lottenbach-mediationen.ch\/index.php\/wp-json\/wp\/v2\/pages\/99\/revisions"}],"wp:attachment":[{"href":"https:\/\/lottenbach-mediationen.ch\/index.php\/wp-json\/wp\/v2\/media?parent=99"}],"curies":[{"name":"wp","href":"https:\/\/api.w.org\/{rel}","templated":true}]}}