{"id":729,"date":"2020-05-19T15:00:44","date_gmt":"2020-05-19T14:00:44","guid":{"rendered":"https:\/\/www.seepfarreien.ch.proculus.sui-inter.net\/?page_id=729"},"modified":"2020-05-19T15:00:44","modified_gmt":"2020-05-19T14:00:44","slug":"sennengesellschaft_weggis","status":"publish","type":"page","link":"https:\/\/lottenbach-mediationen.ch\/index.php\/vereine-gruppierungen\/sennengesellschaft_weggis\/","title":{"rendered":"Sennengesellschaft Weggis"},"content":{"rendered":"\n<p>In der Sennengesellschaft, dem \u00e4ltesten Verein in Weggis (gegr\u00fcndet 1686), wird echte, urchige Kommunikation gepflegt. J\u00e4hrlich findet im August die Lorenzfeier auf der Rigi statt und im November die Katharinenfeier mit Essen und Chilbitanz. Alle f\u00fcnf Jahre organisiert die Sennengesellschaft die grosse &#8222;<a rel=\"noreferrer noopener\" href=\"http:\/\/www.sennenchilbi-weggis.ch\" target=\"_blank\">Weggiser Sennenchilbi<\/a>&#8220; mit Umzug, Brauchtumsspielen und Unterhaltung.<\/p>\n\n\n\n<p>Wie bereits erw\u00e4hnt, besteht der Verein seit 1686. Damals w\u00fctete im Rigi-Gebiet von Weggis und Umgebung die Maul- und Klauenseuche. Der grosse&nbsp;Viehverlust trieb viele Bauernfamilien an den Rand ihrer Existenz. Aus dieser Notlage wurde die Sennengesellschaft Weggis gegr\u00fcndet. Es war dies ein Gel\u00f6bnis der Gr\u00fcnder, die zu ihrem Schutze vor solchen Seuchen und Krankheiten auf die Hilfe Gottes vertrauten.<\/p>\n\n\n\n<h4 class=\"wp-block-heading\">Kontakt<\/h4>\n\n\n\n<p>Sennenammann, Roli Waldis<br>Rigiblickstrasse 29, 6353 Weggis<br>T: 041 390 01 34, N: 079 476 83 46, E: <a href=\"mailto:roland.waldis@bluewin.ch\">roland.waldis@bluewin.ch<\/a><a rel=\"noreferrer noopener\" href=\"mailto:karin.waldis16@gmail.com\" target=\"_blank\"><\/a><\/p>\n\n\n\n\n","protected":false},"excerpt":{"rendered":"<p>In der Sennengesellschaft, dem \u00e4ltesten Verein in Weggis (gegr\u00fcndet 1686), wird echte, urchige Kommunikation gepflegt. J\u00e4hrlich findet im August die Lorenzfeier auf der Rigi statt und im November die Katharinenfeier mit Essen und Chilbitanz. Alle f\u00fcnf Jahre organisiert die Sennengesellschaft die grosse &#8222;Weggiser Sennenchilbi&#8220; mit Umzug, Brauchtumsspielen und Unterhaltung. Wie bereits erw\u00e4hnt, besteht der Verein [&hellip;]<\/p>\n","protected":false},"author":1,"featured_media":2813,"parent":72,"menu_order":18,"comment_status":"closed","ping_status":"closed","template":"","meta":{"footnotes":""},"class_list":["post-729","page","type-page","status-publish","has-post-thumbnail","hentry"],"_links":{"self":[{"href":"https:\/\/lottenbach-mediationen.ch\/index.php\/wp-json\/wp\/v2\/pages\/729","targetHints":{"allow":["GET"]}}],"collection":[{"href":"https:\/\/lottenbach-mediationen.ch\/index.php\/wp-json\/wp\/v2\/pages"}],"about":[{"href":"https:\/\/lottenbach-mediationen.ch\/index.php\/wp-json\/wp\/v2\/types\/page"}],"author":[{"embeddable":true,"href":"https:\/\/lottenbach-mediationen.ch\/index.php\/wp-json\/wp\/v2\/users\/1"}],"replies":[{"embeddable":true,"href":"https:\/\/lottenbach-mediationen.ch\/index.php\/wp-json\/wp\/v2\/comments?post=729"}],"version-history":[{"count":0,"href":"https:\/\/lottenbach-mediationen.ch\/index.php\/wp-json\/wp\/v2\/pages\/729\/revisions"}],"up":[{"embeddable":true,"href":"https:\/\/lottenbach-mediationen.ch\/index.php\/wp-json\/wp\/v2\/pages\/72"}],"wp:featuredmedia":[{"embeddable":true,"href":"https:\/\/lottenbach-mediationen.ch\/index.php\/wp-json\/wp\/v2\/media\/2813"}],"wp:attachment":[{"href":"https:\/\/lottenbach-mediationen.ch\/index.php\/wp-json\/wp\/v2\/media?parent=729"}],"curies":[{"name":"wp","href":"https:\/\/api.w.org\/{rel}","templated":true}]}}