{"id":690,"date":"2020-05-19T14:44:01","date_gmt":"2020-05-19T14:44:01","guid":{"rendered":"https:\/\/www.seepfarreien.ch.proculus.sui-inter.net\/?page_id=690"},"modified":"2020-05-19T14:44:01","modified_gmt":"2020-05-19T14:44:01","slug":"frauengemeinschaft","status":"publish","type":"page","link":"https:\/\/lottenbach-mediationen.ch\/index.php\/vereine-gruppierungen\/frauengemeinschaft\/","title":{"rendered":"Frauengemeinschaft"},"content":{"rendered":"\n<p>Am 4. M\u00e4rz 1920 wurde der christliche Frauen- und M\u00fctterverein Weggis gegr\u00fcndet aus dem sich im Laufe der Jahre die heutige Frauengemeinschaft Weggis (FGW) entwickelt hat. Ziel des Vereins ist es, die Gemeinschaft und Solidarit\u00e4t zwischen Frauen zu f\u00f6rdern. Die FGW ist dem Schweizerischen Katholischen Frauenbund und dem Evangelischen Frauenbund Schweiz angegliedert. Jede Frau kann Mitglied werden, unabh\u00e4ngig von ihrem Alter, ihrem Zivilstand, ihrer Nationalit\u00e4t oder ihrer Konfession (oder konfessionsfrei).<\/p>\n\n\n\n<figure class=\"wp-block-image size-large\"><img loading=\"lazy\" decoding=\"async\" width=\"400\" height=\"280\" src=\"https:\/\/lottenbach-mediationen.ch\/wp-content\/uploads\/2020\/06\/Documents.jpg\" alt=\"\" class=\"wp-image-2395\" srcset=\"https:\/\/lottenbach-mediationen.ch\/wp-content\/uploads\/2020\/06\/Documents.jpg 400w, https:\/\/lottenbach-mediationen.ch\/wp-content\/uploads\/2020\/06\/Documents-300x210.jpg 300w\" sizes=\"auto, (max-width: 400px) 100vw, 400px\" \/><figcaption>Logo Frauengemeinschaft Weggis<\/figcaption><\/figure>\n\n\n\n<p>Der Verein organisiert Anl\u00e4sse f\u00fcr die \u00d6ffentlichkeit wie auch f\u00fcr die Kirche (z.B. Samichlausfeier f\u00fcr Seniorinnen und Senioren). Zudem bereitet das Liturgieteam der Frauengemeinschaft die folgenden Gottesdienste vor: GV-Gottesdienst, Maiandacht, Elisabethengottesdienst, Roratefeier.<\/p>\n\n\n\n<p>Von Amtes wegen ist der Gemeindeleiter von Weggis geistlicher Begleiter der Frauengemeinschaft.<\/p>\n\n\n\n<p>Link zum Schweizerischen Katholischen Frauenbund: (<a href=\"https:\/\/www.frauenbund.ch\/\" target=\"_blank\" rel=\"noreferrer noopener\">www.frauenbund.ch\/<\/a>)<br>Link zum Evangelischen Frauenbund Schweiz: (<a href=\"http:\/\/www.efs-fps.ch\/\" target=\"_blank\" rel=\"noreferrer noopener\">www.efs-fps.ch\/<\/a>)&nbsp;&nbsp;&nbsp;&nbsp;&nbsp;&nbsp;&nbsp;&nbsp;&nbsp;&nbsp;&nbsp;&nbsp;<\/p>\n\n\n\n<h4 class=\"wp-block-heading\">Kontakt<\/h4>\n\n\n\n<p><span class=\"has-inline-color has-very-dark-gray-color\"><a href=\"\/info@frauenweggis.ch\" target=\"_blank\" rel=\"noreferrer noopener\">E: info@frauenweggis.ch<\/a><\/span><br><a rel=\"noreferrer noopener\" href=\"http:\/\/www.frauenweggis.ch\" target=\"_blank\">www.frauenweggis.ch<\/a><br><\/p>\n\n\n\n<h2 class=\"wp-block-heading\">Frauengemeinschaft Weggis erh\u00e4lt 7. \u00abDank Dir!\u00bb-Preis der katholischen Kirche im Kanton Luzern<\/h2>\n\n\n\n<p>Sie bringen Pfarrei und Dorf zusammen, setzen sich in der Weiterbildung ein oder erf\u00fcllen soziale Aufgaben: Frauenvereine. Daf\u00fcr zeichnet die katholische Kirche im Kanton Luzern stellvertretend die Frauengemeinschaft Weggis mit dem 7. \u00abDank Dir!\u00bb-Preis f\u00fcr Freiwilligenarbeit aus. Dieser wurde am Dienstag, 1. Dezember 2020 als \u00dcberraschung vergeben.<\/p>\n\n\n\n<p>Unter diesem <a href=\"https:\/\/www.lukath.ch\/blog\/frauengemeinschaft-weggis-erhaelt-7-dank-dir-preis-der-katholischen-kirche-im-kanton-luzern\/\">Link<\/a> finden Sie die Medienmitteilung  der Landeskirche des Kantons Luzern.<\/p>\n\n\n\n\n","protected":false},"excerpt":{"rendered":"<p>Am 4. M\u00e4rz 1920 wurde der christliche Frauen- und M\u00fctterverein Weggis gegr\u00fcndet aus dem sich im Laufe der Jahre die heutige Frauengemeinschaft Weggis (FGW) entwickelt hat. Ziel des Vereins ist es, die Gemeinschaft und Solidarit\u00e4t zwischen Frauen zu f\u00f6rdern. Die FGW ist dem Schweizerischen Katholischen Frauenbund und dem Evangelischen Frauenbund Schweiz angegliedert. Jede Frau kann [&hellip;]<\/p>\n","protected":false},"author":1,"featured_media":2436,"parent":72,"menu_order":9,"comment_status":"closed","ping_status":"closed","template":"","meta":{"footnotes":""},"class_list":["post-690","page","type-page","status-publish","has-post-thumbnail","hentry"],"_links":{"self":[{"href":"https:\/\/lottenbach-mediationen.ch\/index.php\/wp-json\/wp\/v2\/pages\/690","targetHints":{"allow":["GET"]}}],"collection":[{"href":"https:\/\/lottenbach-mediationen.ch\/index.php\/wp-json\/wp\/v2\/pages"}],"about":[{"href":"https:\/\/lottenbach-mediationen.ch\/index.php\/wp-json\/wp\/v2\/types\/page"}],"author":[{"embeddable":true,"href":"https:\/\/lottenbach-mediationen.ch\/index.php\/wp-json\/wp\/v2\/users\/1"}],"replies":[{"embeddable":true,"href":"https:\/\/lottenbach-mediationen.ch\/index.php\/wp-json\/wp\/v2\/comments?post=690"}],"version-history":[{"count":0,"href":"https:\/\/lottenbach-mediationen.ch\/index.php\/wp-json\/wp\/v2\/pages\/690\/revisions"}],"up":[{"embeddable":true,"href":"https:\/\/lottenbach-mediationen.ch\/index.php\/wp-json\/wp\/v2\/pages\/72"}],"wp:featuredmedia":[{"embeddable":true,"href":"https:\/\/lottenbach-mediationen.ch\/index.php\/wp-json\/wp\/v2\/media\/2436"}],"wp:attachment":[{"href":"https:\/\/lottenbach-mediationen.ch\/index.php\/wp-json\/wp\/v2\/media?parent=690"}],"curies":[{"name":"wp","href":"https:\/\/api.w.org\/{rel}","templated":true}]}}