{"id":39,"date":"2020-04-22T15:13:17","date_gmt":"2020-04-22T15:13:17","guid":{"rendered":"https:\/\/www.seepfarreien.ch.proculus.sui-inter.net\/?page_id=39"},"modified":"2020-04-22T15:13:17","modified_gmt":"2020-04-22T15:13:17","slug":"seelsorge","status":"publish","type":"page","link":"https:\/\/lottenbach-mediationen.ch\/index.php\/seelsorge\/","title":{"rendered":"Seelsorge"},"content":{"rendered":"\n<p>\u00ab<em>Eine Kirche, die nicht dient<\/em>, <em>dient zu nichts.<\/em>\u00bb<\/p>\n\n\n\n<p>Das Bonmot des franz\u00f6sischen Bischofs Jacques Gaillot erinnert daran, dass die Kirche f\u00fcr die Menschen da ist. Durch unser vielf\u00e4ltiges Seelsorge-Angebot k\u00f6nnen Menschen etwas vom g\u00f6ttlichen Aufwind im Leben erfahren, wie es im folgenden Gebet von Cornelia Grzywa (aus dem Buch \u00abIm Aufwind\u00bb, Verlag Neue Stadt) zum Ausdruck kommt:<\/p>\n\n\n\n<blockquote class=\"wp-block-quote is-layout-flow wp-block-quote-is-layout-flow\"><p>Wenn mir der Alltag die Fl\u00fcgel stutzt<br>bis ich glaube<br>nur Beine zu haben<br>dann zeig mir den Himmel<br>dann breite mir Schwingen<br>dann nimm mich hinein<br>in Deinen Aufwind!<br><\/p><\/blockquote>\n\n\n\n<p>Die Seelsorge findet in folgenden Bereichen statt: <\/p>\n\n\n\n<ul class=\"wp-block-list\"><li><a href=\"https:\/\/lottenbach-mediationen.ch\/seelsorge\/liturgie\/\">Liturgie <\/a><\/li><li><a href=\"https:\/\/lottenbach-mediationen.ch\/seelsorge\/christliche-spirtualitaet\/\">Christliche Spiritualit\u00e4t<\/a><\/li><li><a href=\"https:\/\/lottenbach-mediationen.ch\/seelsorge\/notsituation\/\">Notsituation <\/a><\/li><li><a href=\"https:\/\/lottenbach-mediationen.ch\/seelsorge\/persoenliches-gespraech\/\">Pers\u00f6nliches Gespr\u00e4ch<\/a> <\/li><li><a href=\"https:\/\/lottenbach-mediationen.ch\/seelsorge\/andersprachige\/\">Anderssprachige <\/a><\/li><li><a href=\"https:\/\/lottenbach-mediationen.ch\/seelsorge\/krankenbesuche\/\">Krankenbesuche <\/a><\/li><\/ul>\n","protected":false},"excerpt":{"rendered":"<p>\u00abEine Kirche, die nicht dient, dient zu nichts.\u00bb Das Bonmot des franz\u00f6sischen Bischofs Jacques Gaillot erinnert daran, dass die Kirche f\u00fcr die Menschen da ist. Durch unser vielf\u00e4ltiges Seelsorge-Angebot k\u00f6nnen Menschen etwas vom g\u00f6ttlichen Aufwind im Leben erfahren, wie es im folgenden Gebet von Cornelia Grzywa (aus dem Buch \u00abIm Aufwind\u00bb, Verlag Neue Stadt) zum [&hellip;]<\/p>\n","protected":false},"author":1,"featured_media":0,"parent":0,"menu_order":9,"comment_status":"closed","ping_status":"closed","template":"","meta":{"footnotes":""},"class_list":["post-39","page","type-page","status-publish","hentry"],"_links":{"self":[{"href":"https:\/\/lottenbach-mediationen.ch\/index.php\/wp-json\/wp\/v2\/pages\/39","targetHints":{"allow":["GET"]}}],"collection":[{"href":"https:\/\/lottenbach-mediationen.ch\/index.php\/wp-json\/wp\/v2\/pages"}],"about":[{"href":"https:\/\/lottenbach-mediationen.ch\/index.php\/wp-json\/wp\/v2\/types\/page"}],"author":[{"embeddable":true,"href":"https:\/\/lottenbach-mediationen.ch\/index.php\/wp-json\/wp\/v2\/users\/1"}],"replies":[{"embeddable":true,"href":"https:\/\/lottenbach-mediationen.ch\/index.php\/wp-json\/wp\/v2\/comments?post=39"}],"version-history":[{"count":0,"href":"https:\/\/lottenbach-mediationen.ch\/index.php\/wp-json\/wp\/v2\/pages\/39\/revisions"}],"wp:attachment":[{"href":"https:\/\/lottenbach-mediationen.ch\/index.php\/wp-json\/wp\/v2\/media?parent=39"}],"curies":[{"name":"wp","href":"https:\/\/api.w.org\/{rel}","templated":true}]}}