{"id":2607,"date":"2020-07-01T14:49:30","date_gmt":"2020-07-01T14:49:30","guid":{"rendered":"https:\/\/www.seepfarreien.ch.proculus.sui-inter.net\/?page_id=2607"},"modified":"2020-07-01T14:49:30","modified_gmt":"2020-07-01T14:49:30","slug":"versoehnung","status":"publish","type":"page","link":"https:\/\/lottenbach-mediationen.ch\/index.php\/sakramente\/versoehnung\/","title":{"rendered":"Vers\u00f6hnung"},"content":{"rendered":"\n<p>Die Schattenseiten unseres Lebens lassen sich nicht wegleugnen. Wir haben manchmal wenig Vertrauen (\u00c4ngste und Sorgen), bleiben hinter unseren M\u00f6glichkeiten zur\u00fcck und werden schuldig. Wir sind verstrickt in vieles, was in dieser Welt vor sich geht. Unser Handeln und unsere Entscheidungen haben positive oder negative Auswirkungen auf unsere vielf\u00e4ltigen Beziehungen. Dar\u00fcber nachdenken ist unangenehm und tut doch gut. Das Sch\u00f6ne an unserem christlichen Glauben ist, dass das Fehlerhafte nicht alles ist. Wir m\u00fcssen nicht dabei stehen bleiben. Gott traut uns heilsame Ver\u00e4nderungen zu. Der Mensch wird nicht an seiner Vergangenheit festgenagelt, sondern durch die Vergebungsbereitschaft Gottes ermutigt, auch vers\u00f6hnlich und friedvoll zu leben! Jesus ist gestorben, um uns frei zu machen von allem, was uns niederdr\u00fcckt. Das ist die frohe Botschaft!<\/p>\n\n\n\n<p>Im Sakrament der Vers\u00f6hnung \u2013 auch als Busse oder Vergebung bezeichnet \u2013 steht der Mensch zu dem, was gewesen ist. Er \u00fcbernimmt daf\u00fcr Verantwortung und bringt zum Ausdruck, dass es ihm leid tut, dass er es &#8211; wenn m\u00f6glich &#8211; wieder gut machen will. Durch den pers\u00f6nlichen Zuspruch und durch die Lossprechung vom Negativen (von den Auswirkungen der S\u00fcnde) wird der Mensch ermutigt. Er darf Gottes Barmherzigkeit und Liebe erfahren, befreit und gest\u00e4rkt seinen Weg weitergehen.<\/p>\n\n\n\n<p>Ein Leben ohne gute Vers\u00f6hnungskultur w\u00e4re erdr\u00fcckend. Alle Menschen sind auf Vers\u00f6hnung angewiesen, denn \u00abNobody is perfect!\u00bb<\/p>\n\n\n\n<p><strong>Um Vergebung bitten &#8211; <\/strong>Es gibt daf\u00fcr in unserer Kirche viele, verschiedene Formen:<\/p>\n\n\n\n<ul class=\"wp-block-list\"><li>In der Erwachsenentaufe kommt zum Ausdruck, dass der Mensch sein bisheriges Leben \u00e4ndern und Jesus auf dem Weg nachfolgen m\u00f6chte.<\/li><li>Im Gottesdienst beten wir \u00abKyrie eleison\u00bb oder \u00abHerr erbarme dich\u00bb. Wir bitten um Gottes Gnade und Barmherzigkeit.<\/li><li>Im Vater unser beten wir \u00ab\u2026vergib uns unsere Schuld, wie auch wir vergeben unseren Schuldigern.\u00bb<\/li><li>Die Fastenzeit oder \u00f6sterliche Busszeit l\u00e4dt besonders dazu ein, dass wir unseren Blick sch\u00e4rfen f\u00fcr unheilvolle oder gar todbringende Strukturen und Verhaltensweisen, dass wir uns solidarisch zeigen und engagieren f\u00fcr die Auferstehung vor dem Tod! \u00a0<\/li><li>Das pers\u00f6nliche Vers\u00f6hnungs- oder Beichtgespr\u00e4ch kann in schwer belastenden Situationen wohltuend und heilsam sein. Sie d\u00fcrfen sich gerne an unseren Kaplan John Okoro wenden.<\/li><li>Die Bitte um Vergebung ist auch ein Element im Sakrament der Krankensalbung.<\/li><li>Vor Weihnachten und Ostern laden wir im Pastoralraum jeweils zur Ermutigungs- und Vers\u00f6hnungsfeier ein. Bitte beachten Sie die Ausschreibung im Pfarreiblatt.<\/li><li><span class=\"has-inline-color has-vivid-cyan-blue-color\"><a href=\"https:\/\/lottenbach-mediationen.ch\/dokumente\/\"><strong>Vers\u00f6hnungsweg<\/strong>:<\/a><\/span> Kinder der sechsten Klasse werden ausserschulisch auf das Sakrament der Vers\u00f6hnung vorbereitet. Im Mai eines jeden Jahres werden sie zum Vers\u00f6hnungsweg eingeladen. Dabei ist auch die Begleitung und Mitwirkung der Eltern sehr wichtig. <\/li><\/ul>\n\n\n\n\n","protected":false},"excerpt":{"rendered":"<p>Die Schattenseiten unseres Lebens lassen sich nicht wegleugnen. Wir haben manchmal wenig Vertrauen (\u00c4ngste und Sorgen), bleiben hinter unseren M\u00f6glichkeiten zur\u00fcck und werden schuldig. Wir sind verstrickt in vieles, was in dieser Welt vor sich geht. Unser Handeln und unsere Entscheidungen haben positive oder negative Auswirkungen auf unsere vielf\u00e4ltigen Beziehungen. Dar\u00fcber nachdenken ist unangenehm und [&hellip;]<\/p>\n","protected":false},"author":1,"featured_media":2776,"parent":20,"menu_order":3,"comment_status":"closed","ping_status":"closed","template":"","meta":{"footnotes":""},"class_list":["post-2607","page","type-page","status-publish","has-post-thumbnail","hentry"],"_links":{"self":[{"href":"https:\/\/lottenbach-mediationen.ch\/index.php\/wp-json\/wp\/v2\/pages\/2607","targetHints":{"allow":["GET"]}}],"collection":[{"href":"https:\/\/lottenbach-mediationen.ch\/index.php\/wp-json\/wp\/v2\/pages"}],"about":[{"href":"https:\/\/lottenbach-mediationen.ch\/index.php\/wp-json\/wp\/v2\/types\/page"}],"author":[{"embeddable":true,"href":"https:\/\/lottenbach-mediationen.ch\/index.php\/wp-json\/wp\/v2\/users\/1"}],"replies":[{"embeddable":true,"href":"https:\/\/lottenbach-mediationen.ch\/index.php\/wp-json\/wp\/v2\/comments?post=2607"}],"version-history":[{"count":0,"href":"https:\/\/lottenbach-mediationen.ch\/index.php\/wp-json\/wp\/v2\/pages\/2607\/revisions"}],"up":[{"embeddable":true,"href":"https:\/\/lottenbach-mediationen.ch\/index.php\/wp-json\/wp\/v2\/pages\/20"}],"wp:featuredmedia":[{"embeddable":true,"href":"https:\/\/lottenbach-mediationen.ch\/index.php\/wp-json\/wp\/v2\/media\/2776"}],"wp:attachment":[{"href":"https:\/\/lottenbach-mediationen.ch\/index.php\/wp-json\/wp\/v2\/media?parent=2607"}],"curies":[{"name":"wp","href":"https:\/\/api.w.org\/{rel}","templated":true}]}}