{"id":1884,"date":"2020-06-08T14:33:46","date_gmt":"2020-06-08T14:33:46","guid":{"rendered":"https:\/\/www.seepfarreien.ch.proculus.sui-inter.net\/?page_id=1884"},"modified":"2020-06-08T14:33:46","modified_gmt":"2020-06-08T14:33:46","slug":"flavio-moresino","status":"publish","type":"page","link":"https:\/\/lottenbach-mediationen.ch\/index.php\/team\/flavio-moresino\/","title":{"rendered":"Flavio Moresino"},"content":{"rendered":"\n<h2 class=\"wp-block-heading\">Pfarreiseelsorger<\/h2>\n\n\n\n<p>Geboren am 29. September 1967 in Luzern. Nach der Matura am Gymnasium in Immensee und dem Theologiestudium in Luzern, Jerusalem und Freiburg i.Ue. arbeitete er von 1996 bis 2003 als Leiter der deutschsprachigen Arbeitsstelle f\u00fcr Jugendseelsorge der Di\u00f6zese Lausanne-Genf-Freiburg. Ab 2003 war er Verantwortlicher f\u00fcr den Kinder- und Jugendbereich von Missio und koordinierte das Sternsingen in der Schweiz. 2014 reiste er mit seiner Familie nach Bogot\u00e1\/Kolumbien, wo er w\u00e4hrend dreieinhalb Jahren als Fachperson von BMI\/CoMundo im Projekt &#8222;Casitas B\u00edblicas&#8220; mitarbeitete. Seit 2018 ist er Pfarreiseelsorger der Luzerner Seepfarreien und Ansprechperson f\u00fcr die Pfarrei St. Wendelin Greppen.<\/p>\n\n\n\n\n","protected":false},"excerpt":{"rendered":"<p>Pfarreiseelsorger Geboren am 29. September 1967 in Luzern. Nach der Matura am Gymnasium in Immensee und dem Theologiestudium in Luzern, Jerusalem und Freiburg i.Ue. arbeitete er von 1996 bis 2003 als Leiter der deutschsprachigen Arbeitsstelle f\u00fcr Jugendseelsorge der Di\u00f6zese Lausanne-Genf-Freiburg. Ab 2003 war er Verantwortlicher f\u00fcr den Kinder- und Jugendbereich von Missio und koordinierte das [&hellip;]<\/p>\n","protected":false},"author":1,"featured_media":0,"parent":47,"menu_order":3,"comment_status":"closed","ping_status":"closed","template":"","meta":{"footnotes":""},"class_list":["post-1884","page","type-page","status-publish","hentry"],"_links":{"self":[{"href":"https:\/\/lottenbach-mediationen.ch\/index.php\/wp-json\/wp\/v2\/pages\/1884","targetHints":{"allow":["GET"]}}],"collection":[{"href":"https:\/\/lottenbach-mediationen.ch\/index.php\/wp-json\/wp\/v2\/pages"}],"about":[{"href":"https:\/\/lottenbach-mediationen.ch\/index.php\/wp-json\/wp\/v2\/types\/page"}],"author":[{"embeddable":true,"href":"https:\/\/lottenbach-mediationen.ch\/index.php\/wp-json\/wp\/v2\/users\/1"}],"replies":[{"embeddable":true,"href":"https:\/\/lottenbach-mediationen.ch\/index.php\/wp-json\/wp\/v2\/comments?post=1884"}],"version-history":[{"count":0,"href":"https:\/\/lottenbach-mediationen.ch\/index.php\/wp-json\/wp\/v2\/pages\/1884\/revisions"}],"up":[{"embeddable":true,"href":"https:\/\/lottenbach-mediationen.ch\/index.php\/wp-json\/wp\/v2\/pages\/47"}],"wp:attachment":[{"href":"https:\/\/lottenbach-mediationen.ch\/index.php\/wp-json\/wp\/v2\/media?parent=1884"}],"curies":[{"name":"wp","href":"https:\/\/api.w.org\/{rel}","templated":true}]}}