{"id":1513,"date":"2020-06-04T11:07:28","date_gmt":"2020-06-04T11:07:28","guid":{"rendered":"https:\/\/www.seepfarreien.ch.proculus.sui-inter.net\/?page_id=1513"},"modified":"2020-06-04T11:07:28","modified_gmt":"2020-06-04T11:07:28","slug":"pastoralraum","status":"publish","type":"page","link":"https:\/\/lottenbach-mediationen.ch\/index.php\/pastoralraum\/","title":{"rendered":"Pastoralraum"},"content":{"rendered":"\n<h2 class=\"wp-block-heading\"><strong>\u00ab\u2026weil Aufwind tr\u00e4gt\u00bb \u2013 Gedanken zu Logo und Leitsatz<\/strong> <\/h2>\n\n\n\n<figure class=\"wp-block-image size-large\"><img loading=\"lazy\" decoding=\"async\" width=\"400\" height=\"280\" src=\"https:\/\/lottenbach-mediationen.ch\/wp-content\/uploads\/2020\/06\/main_logo.jpg\" alt=\"\" class=\"wp-image-1629\" srcset=\"https:\/\/lottenbach-mediationen.ch\/wp-content\/uploads\/2020\/06\/main_logo.jpg 400w, https:\/\/lottenbach-mediationen.ch\/wp-content\/uploads\/2020\/06\/main_logo-300x210.jpg 300w\" sizes=\"auto, (max-width: 400px) 100vw, 400px\" \/><\/figure>\n\n\n\n<p>Der Pastoralraum \u00abLuzerner Seepfarreien\u00bb wurde am 16. September 2012 mit einem Festgottesdienst feierlich errichtet. Zum Pastoralraum geh\u00f6ren die drei Pfarreien St. Wendelin Greppen, St. Maria Weggis (inkl. Kaplanei Rigi Kaltbad) und St. Hieronymus Vitznau.<\/p>\n\n\n\n<p>Seit der Errichtung des Pastoralraumes ist das Logo mit dem Vogel in Verwendung. Die ersten sieben Jahre standen unter dem Leitsatz \u00abGemeinsam Gemeinde gestalten\u00bb.<\/p>\n\n\n\n<p>Vieles ist in diesen Jahren gewachsen und auch zusammengewachsen. Im Hinblick auf das Pastoralraumfest vom September 2019 haben wir das Logo \u00fcberarbeitet und unter den neuen Leitsatz gestellt <strong><span class=\"has-inline-color has-very-dark-gray-color\">\u00ab\u2026weil Aufwind tr\u00e4gt\u00bb.<\/span><\/strong><\/p>\n\n\n\n<p>In der Glaubensgemeinschaft k\u00f6nnen und m\u00f6chten Menschen tragenden Aufwind erfahren. Auch dank der Verbundenheit mit vielen anderen Menschen, ist diese wichtige Erfahrung im Leben m\u00f6glich. Zum Pastoralraumfest ist auch ein <a href=\"https:\/\/lottenbach-mediationen.ch\/wp-content\/uploads\/2020\/06\/Pastoralraumlied-scaled.jpg\" target=\"_blank\" rel=\"noreferrer noopener\">Pastoralraumlied<\/a> entstanden. Zur bekannten Kanonmelodie von Uli F\u00fchre, hat unsere Organistin Susann Barmet einen neuen passenden Liedtext zu unserem Logo gedichtet. Der Text zeigt etwas von unserer spirituellen Haltung und Hoffnung, die uns befl\u00fcgelt.<\/p>\n\n\n\n<p>Mein Vorg\u00e4nger, Peter-Josef Bomholt, der von 2008 bis 2016 als Pastoralraumleiter hier t\u00e4tig gewesen ist, hat sich zum Logo folgende Gedanken gemacht:<\/p>\n\n\n\n<blockquote class=\"wp-block-quote is-style-default is-layout-flow wp-block-quote-is-layout-flow\"><p>Leicht schwebt der Vogel in Form einer Taube \u00fcber den Vierwaldst\u00e4ttersee und der Rigi. Symbolisch verbindet der Vogel unsere drei Pfarreien Greppen, Weggis und Vitznau. Die leicht geschwungenen Linien des Fl\u00fcgels sind losgel\u00f6st und nicht miteinander verbunden. Doch braucht es alle drei Fl\u00fcgellinien, um gemeinsam unseren Glaubensweg in den Seepfarreien zu gestalten. Der Vogel deutet auch den Geist Gottes an, der uns die Richtung f\u00fcr ein gutes und kreatives Miteinander zeigen m\u00f6ge, besonders auch auf \u00f6kumenischer Ebene.<\/p><\/blockquote>\n\n\n\n<p>F\u00fcr mich symbolisiert der Vogel zudem Weite, Freiheit, Eleganz (Grazie). Das m\u00f6chten und sollen die Menschen auch in unserer Kirche erleben! Das dynamische Logo bringt zum Ausdruck, dass die Seepfarreien vorw\u00e4rts gehen und weitersuchen nach neuen Formen und Wegen der Verbundenheit und des Kircheseins. Wie durch Maria m\u00f6chte Gott heute auch durch uns das Heil in die unheile Welt bringen. Wie durch Josef m\u00f6chte Gott auch heute das Leben vor Anfechtungen sch\u00fctzen. Immer, wenn Liebe geteilt und geschenkt wird, bedeutet es Aufwind f\u00fcr das Leben. Mit Jesus zeigt uns Gott zudem, dass er besonders auch f\u00fcr \u00abschr\u00e4ge V\u00f6gel\u00bb ein offenes Herz hat. Das sei uns Auftrag und Gebot.<\/p>\n\n\n\n<p>Herzlichen Dank f\u00fcr Ihre Unterst\u00fctzung und Ihre Verbundenheit! Das ist ebenfalls Aufwind, der tr\u00e4gt!<\/p>\n\n\n\n<p>F\u00fcr das Seepfarreien-Team: Michael Brauchart, Pastoralraumleiter<\/p>\n","protected":false},"excerpt":{"rendered":"<p>\u00ab\u2026weil Aufwind tr\u00e4gt\u00bb \u2013 Gedanken zu Logo und Leitsatz Der Pastoralraum \u00abLuzerner Seepfarreien\u00bb wurde am 16. September 2012 mit einem Festgottesdienst feierlich errichtet. Zum Pastoralraum geh\u00f6ren die drei Pfarreien St. Wendelin Greppen, St. Maria Weggis (inkl. Kaplanei Rigi Kaltbad) und St. Hieronymus Vitznau. Seit der Errichtung des Pastoralraumes ist das Logo mit dem Vogel in [&hellip;]<\/p>\n","protected":false},"author":1,"featured_media":2106,"parent":0,"menu_order":17,"comment_status":"closed","ping_status":"closed","template":"","meta":{"footnotes":""},"class_list":["post-1513","page","type-page","status-publish","has-post-thumbnail","hentry"],"_links":{"self":[{"href":"https:\/\/lottenbach-mediationen.ch\/index.php\/wp-json\/wp\/v2\/pages\/1513","targetHints":{"allow":["GET"]}}],"collection":[{"href":"https:\/\/lottenbach-mediationen.ch\/index.php\/wp-json\/wp\/v2\/pages"}],"about":[{"href":"https:\/\/lottenbach-mediationen.ch\/index.php\/wp-json\/wp\/v2\/types\/page"}],"author":[{"embeddable":true,"href":"https:\/\/lottenbach-mediationen.ch\/index.php\/wp-json\/wp\/v2\/users\/1"}],"replies":[{"embeddable":true,"href":"https:\/\/lottenbach-mediationen.ch\/index.php\/wp-json\/wp\/v2\/comments?post=1513"}],"version-history":[{"count":0,"href":"https:\/\/lottenbach-mediationen.ch\/index.php\/wp-json\/wp\/v2\/pages\/1513\/revisions"}],"wp:featuredmedia":[{"embeddable":true,"href":"https:\/\/lottenbach-mediationen.ch\/index.php\/wp-json\/wp\/v2\/media\/2106"}],"wp:attachment":[{"href":"https:\/\/lottenbach-mediationen.ch\/index.php\/wp-json\/wp\/v2\/media?parent=1513"}],"curies":[{"name":"wp","href":"https:\/\/api.w.org\/{rel}","templated":true}]}}