{"id":1052,"date":"2020-05-25T11:19:40","date_gmt":"2020-05-25T11:19:40","guid":{"rendered":"https:\/\/www.seepfarreien.ch.proculus.sui-inter.net\/?page_id=1052"},"modified":"2020-05-25T11:19:40","modified_gmt":"2020-05-25T11:19:40","slug":"alt-pfarrhof","status":"publish","type":"page","link":"https:\/\/lottenbach-mediationen.ch\/index.php\/raume-greppen-weggis-vitznau\/alt-pfarrhof\/","title":{"rendered":"alt Pfarrhof Weggis"},"content":{"rendered":"\n<p>Die ehemalige Kaplanei an der Rigiblickstrasse 1a wurde um 1765 erbaut. Baumeister war der in Wolhusen ans\u00e4ssige Johann Tubacher. 1812, 1878, 1920 und 1929 wurden Erweiterungsbauten angebaut. Dies aber in einem f\u00fcr das Gesamtbild gut vertr\u00e4glichen Rahmen. Die ehemalige Kaplanei ist ein ausgezeichnetes und sehr gut lesbares Beispiel eines aus dem 18. Jahrhundert stammenden Pfrundhauses. Im Bereich des Oberdorfes ist sie nebst dem Kirchturm der einzige Bauzeuge aus der Zeit vor dem Erdschlipf 1795.<\/p>\n\n\n\n<p>Der alte Pfarrhof wurde im Jahr 2013 umfassend renoviert und saniert. Die zwei Wohnungen sind vermietet. <span class=\"has-inline-color has-very-dark-gray-color\">Das Geb\u00e4ude ist bei der Kantonalen Denkmalpflege als sch\u00fctzenswertes Objekt eingetragen.<\/span><\/p>\n\n\n\n<figure class=\"wp-block-image size-large\"><img loading=\"lazy\" decoding=\"async\" width=\"400\" height=\"280\" src=\"https:\/\/lottenbach-mediationen.ch\/wp-content\/uploads\/2020\/06\/alt-Pfarrhof-1.jpg\" alt=\"\" class=\"wp-image-2189\" srcset=\"https:\/\/lottenbach-mediationen.ch\/wp-content\/uploads\/2020\/06\/alt-Pfarrhof-1.jpg 400w, https:\/\/lottenbach-mediationen.ch\/wp-content\/uploads\/2020\/06\/alt-Pfarrhof-1-300x210.jpg 300w\" sizes=\"auto, (max-width: 400px) 100vw, 400px\" \/><figcaption>alt Pfarrhof Weggis<\/figcaption><\/figure>\n\n\n\n\n","protected":false},"excerpt":{"rendered":"<p>Die ehemalige Kaplanei an der Rigiblickstrasse 1a wurde um 1765 erbaut. Baumeister war der in Wolhusen ans\u00e4ssige Johann Tubacher. 1812, 1878, 1920 und 1929 wurden Erweiterungsbauten angebaut. Dies aber in einem f\u00fcr das Gesamtbild gut vertr\u00e4glichen Rahmen. Die ehemalige Kaplanei ist ein ausgezeichnetes und sehr gut lesbares Beispiel eines aus dem 18. Jahrhundert stammenden Pfrundhauses. [&hellip;]<\/p>\n","protected":false},"author":1,"featured_media":2184,"parent":59,"menu_order":12,"comment_status":"closed","ping_status":"closed","template":"","meta":{"footnotes":""},"class_list":["post-1052","page","type-page","status-publish","has-post-thumbnail","hentry"],"_links":{"self":[{"href":"https:\/\/lottenbach-mediationen.ch\/index.php\/wp-json\/wp\/v2\/pages\/1052","targetHints":{"allow":["GET"]}}],"collection":[{"href":"https:\/\/lottenbach-mediationen.ch\/index.php\/wp-json\/wp\/v2\/pages"}],"about":[{"href":"https:\/\/lottenbach-mediationen.ch\/index.php\/wp-json\/wp\/v2\/types\/page"}],"author":[{"embeddable":true,"href":"https:\/\/lottenbach-mediationen.ch\/index.php\/wp-json\/wp\/v2\/users\/1"}],"replies":[{"embeddable":true,"href":"https:\/\/lottenbach-mediationen.ch\/index.php\/wp-json\/wp\/v2\/comments?post=1052"}],"version-history":[{"count":0,"href":"https:\/\/lottenbach-mediationen.ch\/index.php\/wp-json\/wp\/v2\/pages\/1052\/revisions"}],"up":[{"embeddable":true,"href":"https:\/\/lottenbach-mediationen.ch\/index.php\/wp-json\/wp\/v2\/pages\/59"}],"wp:featuredmedia":[{"embeddable":true,"href":"https:\/\/lottenbach-mediationen.ch\/index.php\/wp-json\/wp\/v2\/media\/2184"}],"wp:attachment":[{"href":"https:\/\/lottenbach-mediationen.ch\/index.php\/wp-json\/wp\/v2\/media?parent=1052"}],"curies":[{"name":"wp","href":"https:\/\/api.w.org\/{rel}","templated":true}]}}